85. Suppose 0 = 4*o - 286 + f. Is o a composite number?
False
Is 2 + 795/5*3 prime?
True
Let d(j) = -18*j - 3. Let p be d(-13). Suppose 5*g - p - 564 = 0. Is g composite?
True
Let t be -6*(1 + -2)/2. Let v be (-2)/t + 9518/(-6). Is 4/18 - v/27 prime?
True
Let y(x) = 2*x**2 - 6*x + 7. Is y(4) composite?
True
Suppose x = -4*c + 2589, 0*x = x - 2*c - 2613. Is x prime?
False
Suppose 2*x + 5*b = 10, 0*x + 15 = 3*x + 4*b. Suppose 3*w = -f + 38, x*w + 0*f - 64 = -f. Is w composite?
False
Let u(l) = 12*l. Let m be u(2). Is 16/m*(-726)/(-4) prime?
False
Let m be (-22)/(-12) - (-2)/12. Suppose -r = 2, 0*q + 5*q - m*r = 609. Is q prime?
False
Let b be (15/(-2))/(3/(-18)). Suppose 0 = -2*l - 4*c + 10, 5*l + 3*c - b = l. Let p = 21 - l. Is p prime?
False
Let l(v) = v**2 - 4*v + 3. Let h be l(5). Let w = 6 - h. Is (0 - 1)/(w/74) a composite number?
False
Let s = 135 + -58. Is s composite?
True
Suppose -5*x + 431 = -534. Suppose -494 = 4*r + 46. Let f = r + x. Is f composite?
True
Suppose 2*i - 129 = 17. Let x = 188 - i. Is x a composite number?
True
Suppose 0 = -0*y + 5*y - 4015. Is y a prime number?
False
Let j = 3 - -1. Suppose j*u + u = 3*i + 7, -13 = -4*u - 5*i. Suppose 5*t - 490 = -6*z + u*z, 2*t + 2*z = 198. Is t composite?
True
Suppose 3*t + 8 = -2*p + 19, -19 = -4*p - 3*t. Is p/(-14) - 5916/(-28) a composite number?
False
Let z = 1 - -1. Let w(d) = 12*d**3 - d**2 + d. Is w(z) composite?
True
Let x(n) = 25*n**3 - n**2 - 14*n + 7. Is x(4) composite?
True
Let z be 376/(-6) - (-4)/(-12). Is 94/3*z/(-14) a composite number?
True
Let y(n) = -15*n**3 + 4*n**2 + 7*n + 7. Is y(-4) composite?
True
Suppose 2 = -s, -3*p - 2*s - 848 = -7*p. Is p composite?
False
Suppose 6*s - s = 175. Suppose 0 = 2*c + 3*c - s. Is c a prime number?
True
Suppose 0 = c - f - 478 - 395, -4*f = -3*c + 2623. Is c composite?
True
Is 3/(-27) - (-12369)/27 a composite number?
True
Let n = -1300 - -2661. Is n prime?
True
Suppose 1059 = r + 2*r. Is r prime?
True
Suppose -4*p + 20 = 0, 4*r + 2*p + 269 = 7*r. Let n = r - 4. Suppose f + n = 2*f. Is f a composite number?
False
Let h = 121 + 433. Is h prime?
False
Let w = 12 - 7. Suppose 159 = g - w*p, 5*g + p - 743 = -0*p. Is g a composite number?
False
Suppose -20 = 2*s + 5*z - z, 5*s + 34 = -2*z. Let j be (-3)/(s/8) + 0. Suppose j*n + 0*n - 196 = 0. Is n a composite number?
True
Suppose -12 = -3*q - 0*q. Let z = -6 + q. Let b(j) = -12*j - 1. Is b(z) a prime number?
True
Let y be -2 + 2*(-1 - -33). Suppose -z = -3*z + y. Is z a prime number?
True
Let j(c) = -226*c + 11. Is j(-3) composite?
True
Let o be 2*1*(-615)/(-6). Let a = -116 + o. Is a prime?
True
Suppose -5*n + 13135 = 4*r, -3*n + r = -8620 + 722. Is n composite?
True
Suppose -5*r + 666 + 989 = 0. Is r a prime number?
True
Suppose 4*m - m = 777. Is m a composite number?
True
Suppose -2*j = 4*o - 507 - 273, 4*o - 392 = -j. Suppose -5*d + 1186 + 1239 = 0. Suppose -2*w = 5*u - d, -u - j = -5*u + 5*w. Is u a composite number?
False
Let v(m) = 46*m - 15. Is v(7) a composite number?
False
Let n(d) = d**3 - 4*d**2 + d - 1. Let j be n(4). Is j/(-15) - (-276)/5 prime?
False
Let v(d) = d**2 + 5*d - 7. Let u be (28/(-8))/(1/2). Let h be 3*u*3/9. Is v(h) a prime number?
True
Suppose -3*g - 3*r = 24, -5*g = -0*g - r + 28. Is (-388)/g - 4/(-12) prime?
False
Suppose 2*y - 157 - 3309 = 0. Is y a composite number?
False
Let j(y) = -5 + 4 - 2*y + 0 + y. Let s be j(-6). Suppose -5*i = n - 498 - 12, s*i - 530 = 3*n. Is i a composite number?
False
Suppose 0 = -5*z + 151 + 104. Let y = -4 + z. Is y composite?
False
Let z = 116 + -19. Is z a composite number?
False
Let s(p) = 35*p**2 - 7*p + 11. Is s(-6) a composite number?
True
Is (-6)/(-27) - ((-23694)/(-27))/(-2) a composite number?
False
Suppose 4*y - 739 = 1301. Suppose -4*r - 56 = -5*o - 1072, 2*r - 2*o = y. Is r a composite number?
True
Let h be (5 + -1)/(8/12). Suppose 2 = -2*p, 5*b = h*b + 3*p - 107. Let v = -63 + b. Is v a composite number?
False
Let v(b) = b**2 + 4*b - 1. Let d be v(-5). Let m = -6 + d. Is m + 2 - (-36 - 1) a composite number?
False
Suppose 5*n = n + 1928. Is n a prime number?
False
Suppose 4*s - 56 = 5*r, 2*r + 48 = 4*s - r. Let n be 2 + 6/s*-6. Is n/(((-12)/(-21))/(-2)) composite?
False
Let m = 10 + -5. Suppose -m*a + 12 + 1 = b, 0 = a + 2*b - 8. Is a a composite number?
False
Suppose -4*d - 356 = -6*d. Is d prime?
False
Let u(h) be the second derivative of h**4/2 - 5*h**2/2 - 3*h. Is u(-4) composite?
True
Is (157/(-4))/((-2)/8) a composite number?
False
Let k be (-495)/(-4) - (-1)/4. Suppose -3*q - 86 = k. Is (6/(-15))/(2/q) a prime number?
False
Suppose 3*r - 5*d = -591, -4*d + 591 = -r - 2*r. Let s = r - -360. Is s composite?
False
Let b be 4/6 + 1893/9. Suppose -2*z + 4 = -z, u = -5*z + b. Is u a prime number?
True
Suppose k - 5*c = 93, 3*c + 243 = k + 2*k. Suppose 18 - k = -4*y. Is y a composite number?
True
Let a = 222 + 71. Is a a composite number?
False
Let o(x) be the third derivative of -31*x**4/24 - 2*x**3/3 - 2*x**2. Suppose -3*c = -q + 12, 3*q - 3*c = 4*q + 18. Is o(q) composite?
False
Let f = 439 + -196. Suppose -f = -3*w - 0*w. Let p = w - 58. Is p a composite number?
False
Let n be (-15)/2*(-112)/12. Suppose -3*s + 10 = -5*q, -5*s - q - 4*q + n = 0. Let b = 21 + s. Is b composite?
False
Let y be 2 - -1 - (-6 + 4). Suppose u - 3*m + m - 13 = 0, -y*m - 31 = -2*u. Is u a composite number?
False
Let s(n) = -6*n - 9. Let k be s(9). Is (-959)/k - (-4)/(-18) composite?
True
Suppose 5*d + 2*g = 2, 0*d + 4*d + 2 = 2*g. Suppose -2*v - 5*x + 243 = d, 0 = -5*v - 3*x + 2*x + 596. Is v prime?
False
Let g be 0/(-4 + 15/3). Let z be 4/10 + 3086/10. Suppose g = -3*m + 18 + z. Is m composite?
False
Let y(i) = 11*i**2 + i + 1. Suppose -2*r - 2 = -6. Let w(g) = -43*g**2 - 5*g - 5. Let t(n) = r*w(n) + 9*y(n). Is t(-2) a prime number?
True
Let x = 1 + 0. Let a = -1 + x. Suppose 3*y - v = -2*v + 74, -y + 3*v + 8 = a. Is y a prime number?
True
Let b = -1488 - -2677. Is b composite?
True
Let g = 54 - 3. Is g prime?
False
Suppose 0 = -2*g - 0*g - 5*f + 3032, 4*g - 6034 = 5*f. Let h = -500 + g. Suppose 77 = -2*u + h. Is u prime?
True
Is (11*10)/(10/5) a composite number?
True
Let q be ((-3)/(-3))/((-2)/(-12)). Let c = q - 5. Is (c*-2 + 3)*3 a composite number?
False
Let a(g) = 2*g - 3. Let i be a(2). Is ((i + 19)*-1)/(-2) a prime number?
False
Let x be 2*9/4*14. Suppose x = 4*j - j. Is j prime?
False
Suppose 0 = -0*h - h. Is (2 - h)*(-165)/(-6) a prime number?
False
Let u(d) = -12*d + 7. Is u(-13) a composite number?
False
Let z(s) = 3*s**2 - 4*s - 4. Let a = 9 - 14. Is z(a) composite?
True
Suppose 0 = -d + 4 + 3. Suppose -4*m = y - d*m - 203, 3*y + 4*m - 557 = 0. Is y a composite number?
False
Let d(n) = n**3 - n + 15. Is d(0) a composite number?
True
Let b = 100 - 16. Let j = b + -136. Let n = j - -87. Is n a prime number?
False
Suppose 0 = v - 3*v + 662. Is v a prime number?
True
Suppose -5*v + 3*d = -2*v - 15, -5*v + 31 = -3*d. Suppose z = -0*z + 5*m + 7, 5*m + 61 = 3*z. Let y = z - v. Is y prime?
True
Let u(q) = -159*q + 2. Let k be u(-2). Let n = k + -138. Suppose 0 = -3*m + 5*j + n, -m + 174 = 2*m + 3*j. Is m composite?
False
Suppose 2*x + 3*x + 187 = -2*a, 4*a + 4 = 0. Is 6/(-18)*x*6 composite?
True
Let w be 4017/9 + 3/(-9). Let m(j) = j - 4. Let p be m(7). Suppose 3*a + 80 = p*x + w, -2*x = 2*a - 240. Is a a composite number?
True
Suppose b + 4*t - 187 = 0, 0 = -2*t - 2. Is b composite?
False
Suppose 3 = -3*l, g - 16 = -2*g + 4*l. Suppose 0*w + g*w = 276. Is w composite?
True
Let r be (1/(-3))/(3/9). Let d(l) = -l**2 - l. Let h be d(r). Suppose -3*m + 26 + 7 = h. Is m prime?
True
Let n be (103 - -3)/(0 + -1). Let x = n - -161. Is x composite?
True
Let h = 129 - 37. Suppose -2*j = 2*j - h. Is j a composite number?
False
Let w(p) = -p + 2. Let v be w(3). Let f = 3 + v. Is f a composite number?
False
Suppose 1 = 5*j - 2*u, 2*j = 3*u - 5 + 1. Is (-6)/8*-44*j composite?
True
Let q(g) = 8*g - 1. Let p be q(-3). Let z be (-85)/p + (-2)/5. Suppose 5*b - 265 = -3*c, 0*c = -z*b - c + 159. Is b composite?
False
Let n = -102 - -187. Suppose 4*j - 287 = n. Is j a composite number?
True
Let l = 265 + -483. Let k = l + 339. Is k prime?
False
Let s(z) = -3*z**3 - 15*z**2 - 15*z - 10. Is s(-9) a composite number?
False
Let c(w) = w**3 + 3*w